uppose -x = -4*x + 2*d + 565, -963 = -5*x - 2*d. Suppose 3*y - x = 3*n + 70, 3*n = -3*y + 255. What is the units digit of y?
6
Let u be 16/(1/(30/12)). Suppose u = -3*b + 151. What is the units digit of b?
7
Let p(g) = -g**3 - 16*g**2 - 38*g + 25. What is the units digit of p(-19)?
0
Suppose 0 = -4*z - 3*p + 531, 0 = -5*z - p + 1121 - 449. What is the hundreds digit of z?
1
Let f = 72 - -217. What is the tens digit of f?
8
Let a(i) = 3*i**3 + 11*i**2 + 18*i - 37. What is the units digit of a(10)?
3
Suppose -q + 2*q - 3 = 0. Let t = -7 + 9. What is the units digit of q + 4 + 2/t?
8
Suppose l - 6*l = -70. Suppose 3*f - l = 2*o, -3*o + o = -f + 6. Suppose -2*v + 3*u + 57 = 0, f*v + 3*u = v + 78. What is the tens digit of v?
2
Let o be (-602)/98 + 2/14. What is the hundreds digit of o/8 + (-3129)/(-12)?
2
Suppose -557*y - 2667 = -560*y. What is the tens digit of y?
8
Suppose 0 = 12*k - 27552 - 17184. What is the tens digit of k?
2
Suppose -20*l + 3630 = -14*l. What is the tens digit of l?
0
Let q(x) = -11*x + 49. Let v be q(4). Suppose -f - 2*z + 264 = 0, -v*f + 2*z + 1082 = -226. What is the units digit of f?
2
Suppose 33 + 1 = 17*t. Suppose 3*f = -5*j + 305, 2*f = t*j - 3*j + 194. What is the units digit of f?
5
Let g(y) = y**2 - 11*y - 22. Let s be g(13). Suppose -5*c + s*m = -207, 4*c - 4*m = -m + 166. What is the units digit of c?
3
Suppose 5*w + 399 = 2*s + 6*w, 4*s + 5*w = 789. What is the hundreds digit of s?
2
What is the units digit of 7288/12 + (-1)/3?
7
Let o(c) = -75*c**3 + 3*c + 2. Let k be (-6)/(-2) + 3 + 4 + -11. What is the units digit of o(k)?
4
Suppose -3*h - 1 = -3*x + 2*x, -4*h + 4 = 4*x. Suppose -4*b + 21 + 247 = h. What is the tens digit of b?
6
Let o(y) = 16*y**3 + y**2 + 2*y - 10. What is the hundreds digit of o(3)?
4
Suppose 5*u - g = 571, 5*u + 5*g - 252 = 343. Suppose 3*w + 150 = -3*q + 6*q, 2*q - u = -3*w. What is the units digit of q?
3
Let a(l) = 11*l**2 - 10*l + 2. Let f be a(4). Suppose f + 18 = 4*m. What is the tens digit of m?
3
Let c be 13 + (-1)/(-2)*-2. Suppose 0 = -5*l + c + 8. Suppose 0 = -g + l*u + 32, 3*g = 4*g + 3*u + 3. What is the tens digit of g?
1
Let p(b) = -b**2 + 10*b + 12. Suppose 6*t - 50 = t. Let m be p(t). Suppose -4*v + m = -3*v. What is the units digit of v?
2
Suppose 5*d - 2*l - 3685 = 0, 5*l - 2*l = 3*d - 2220. What is the hundreds digit of d?
7
Suppose 0 = -2*i + 5*r + 84 + 136, -2*r - 508 = -5*i. Suppose i = -5*b - 3*f - 0*f, -5*b - 100 = 5*f. Let v = b - -22. What is the units digit of v?
2
Let z(p) = -p + 3. Let h be z(0). Suppose -5*b = t - 345, 2*b - 7*b + 345 = h*t. Suppose 5*m - b = -3*r, -60 = 3*r - 7*r + 4*m. What is the units digit of r?
8
Let p(k) be the first derivative of -4*k**2 - 12*k + 1. Let t be p(-10). Let l = t + -40. What is the tens digit of l?
2
Suppose -6*f + 36 = -3*f. Let x(j) be the second derivative of -j**5/20 + j**4 + j**3/2 - 13*j**2/2 + j. What is the tens digit of x(f)?
2
Let b be ((-2)/(-3))/(22/(-33)). What is the tens digit of (-539)/(-6) - b/6?
9
Suppose 0 = -3*d - 4*x + 33, 20 = 3*d + 2*d - 5*x. Suppose d*q - 98 = 154. What is the tens digit of q?
3
Let h be (52/(-39))/((-2)/177). Suppose -h - 158 = -4*t. What is the tens digit of t?
6
Suppose 3*d - 15 = -5*t + 4, -3*t + 2*d = 0. Suppose 4*f - t*x = 67 + 49, 2*f - 64 = -2*x. What is the units digit of (18/10)/(6/f)?
9
What is the tens digit of (3 - -45)*(6 - 1)?
4
What is the units digit of (-3)/(-2) + 7350/28?
4
Let q(y) be the first derivative of -y**3/3 + y**2/2 + 33*y - 3. Let h(f) = -f**3 + 9*f**2 - 7*f - 8. Let u be h(8). What is the tens digit of q(u)?
3
Suppose 0 = -l + 2 - 24. Let o = -7 - l. Suppose h + 70 = 2*x, 0 = -3*x - 2*h + o + 90. What is the tens digit of x?
3
Let w(j) = -j - 16. Let m be w(-20). What is the units digit of 49 + (4 - 1 - m)?
8
Let q(c) = 30*c**2 + 4. What is the tens digit of q(4)?
8
Let h(m) = 2*m - 13*m + 12*m**2 - 13*m**2 - 6 + m. Suppose -5*g + z = -2*z + 31, -z + 37 = -5*g. What is the tens digit of h(g)?
1
Let s(n) = -240*n - 94. Let q be s(-8). Suppose -5*m = -q + 571. What is the tens digit of m?
5
Let g(f) = f**2 + 5*f - 2. Let o be g(-5). What is the units digit of o/((-5)/(5/1))?
2
Suppose s - 240 = -3. What is the units digit of s?
7
Let i be (0 - 7)/((-4)/40). Suppose 2*v - i = -3*v. Suppose -r = -v + 1. What is the units digit of r?
3
Suppose -3*m + m + 50 = 0. Let b = 33 - m. What is the units digit of b?
8
Suppose -3*l + 25 = 2*l, -3*t + 3*l = -171. Let g be (-1*t + 0)/(-2). Suppose 0 = -s - 7 + g. What is the tens digit of s?
2
Suppose -5*c = 18*k - 17*k - 510, 2*c = -5*k + 204. What is the hundreds digit of c?
1
Let j = -69 - -72. Suppose -3*g - j*n + 309 = -0*g, 2*n + 2 = 0. What is the tens digit of g?
0
Suppose 0 = -5*p - 3*t + 2801, 0*p + 561 = p + t. What is the units digit of p?
9
Suppose 1 = w - 8. Let a be (-1)/(-3) - (-33)/w. What is the units digit of 29/2 - a/8?
4
Let l = -1398 - -2381. What is the tens digit of l?
8
Let b = -41 - -20. Let l be b*4/(-12)*2. Let n = -8 + l. What is the units digit of n?
6
Let l(z) = -4*z - 2*z + z**3 + 6*z + 4*z**2. Let y be l(-4). Suppose 3*r = -0*r - i + 21, y = 4*r - 4*i - 28. What is the units digit of r?
7
Let y(n) = -3*n - 1. Let r(z) = 8*z + 3. Let p(c) = 4*r(c) + 11*y(c). Let q(h) = 6*h + 5. Let a(f) = -p(f) - q(f). What is the tens digit of a(-7)?
2
Let p(r) = r - 7. Let a be p(7). Suppose -y + 4 + 13 = a. Suppose 0 = s - 3*n - y + 2, -2*s - 3*n = 6. What is the units digit of s?
3
Let j = -198 - -192. Let i(x) be the first derivative of -3*x**2/2 - 15*x - 2. What is the units digit of i(j)?
3
What is the tens digit of -2 + 42066/45 - (-4)/(-5)?
3
Let v(d) = d**3 + 3*d**2 - 3*d. Let p be v(4). Suppose 3*o + 356 = 4*j, o = -j - o + p. What is the units digit of j?
2
Suppose -6*z + 2208 = -4*z. What is the hundreds digit of z?
1
Suppose -5*w = -2*z - 63, -2*z = 2*w + 3*w + 53. Let a be 1/(-3) - 148/(-3). Let g = a + z. What is the units digit of g?
0
Suppose 5*p - 15 = 0, -2*p - 7817 = -5*k + 1887. What is the units digit of k?
2
Suppose 5*v = -4*c - 109, -v - 4*c - 26 = c. What is the units digit of (-3)/v + ((-2848)/(-14))/4?
1
Suppose 0 = -8*p + 5*p - 6, -5*c + 5*p = -16825. What is the units digit of c?
3
Suppose -5*u + 25 = 3*l, 7*l - 8*l + 5*u + 15 = 0. Let d(j) = 23*j - 61. What is the tens digit of d(l)?
6
Let t = -17 - -260. What is the units digit of t?
3
Let v(w) be the first derivative of 6*w - 11/2*w**2 - 1/3*w**3 - 5. What is the tens digit of v(-8)?
3
Suppose 4 = 14*o - 15*o. What is the tens digit of 8 + o + -3 + 26?
2
Let h(m) = -m**3 + m + 96. Let q be h(0). Suppose -3*z = -3*t - q, 4*z - 104 - 8 = -4*t. What is the units digit of z?
0
Let q(c) = c + 11. Let l be q(-9). Suppose -5*g + 5*m + 12 = -8, 0 = -l*g - 3*m + 8. Suppose 34 = -g*o + 5*o. What is the tens digit of o?
3
Let y(t) = -t**3 + 9*t**2 + 10*t - 12. Let q be y(10). Let l = q + 24. Let s = 15 - l. What is the units digit of s?
3
Let a be -3 - (-141)/12 - 3/4. Let s(z) = 8*z + 2. Let f be s(2). Let j = f - a. What is the tens digit of j?
1
Suppose -72*s + 25701 = -33*s. What is the tens digit of s?
5
Suppose -q = -6 + 4. Suppose -q*b = t - 104, 2*t - t - 3*b - 79 = 0. What is the tens digit of t?
9
Let l(r) = r + 2. Let a be l(-2). Let k = a - -26. Let s = 69 - k. What is the units digit of s?
3
Suppose d - 120 = -2*s - d, 3*s - 182 = -5*d. Let o = s + -29. What is the tens digit of o?
3
Suppose -2*x - 2769 = -3*a, -19*a + 15*a + 3*x + 3691 = 0. What is the hundreds digit of a?
9
Let b(p) = -p + 1. Let n be b(-4). Suppose n*a + 0*s = -3*s + 239, 5*s - 199 = -4*a. What is the tens digit of a?
4
Suppose 11*z - 698 - 974 = 0. What is the tens digit of z?
5
Let t be (-334)/(((-2)/5)/((-1)/(-5))). Let n = t - 98. What is the units digit of n?
9
Let v(r) = 3*r + 27. Let j be v(-10). What is the units digit of (6/j)/(-2)*134?
4
Let k(s) = 4*s**3 + s**2 - 75*s + 13. What is the tens digit of k(8)?
2
Suppose -g - 4*k = 41, 94 = -4*g + 3*k - 5*k. What is the tens digit of 1 + 2 + (5 - g)?
2
Let q be 0*(-2 - (-12)/8). Suppose q = 3*f - 0*f - 12. Suppose -f*r + 23 = -9. What is the units digit of r?
8
Suppose 336 = 20*s - 4024. What is the units digit of s?
8
Suppose 8*j - 4 = 6*j. What is the units digit of (-1)/(-5)*5 - (-298)/